{"id":1149,"date":"2021-06-21T13:38:25","date_gmt":"2021-06-21T16:38:25","guid":{"rendered":"https:\/\/centauro-cinema.com.br\/2018\/?post_type=product&#038;p=1149"},"modified":"2025-03-04T14:53:58","modified_gmt":"2025-03-04T17:53:58","slug":"cp950","status":"publish","type":"product","link":"https:\/\/centauro-cinema.com.br\/2018\/produto\/cp950\/","title":{"rendered":"Dolby CP950"},"content":{"rendered":"<p>O Processador de Cinema Dolby CP950 \u00e9 nossa mais nova inova\u00e7\u00e3o na linha de processadores de cinema Dolby, l\u00edder de mercado. \u00c9 projetado com mais das capacidades que voc\u00ea deseja &#8211; e menos das que voc\u00ea n\u00e3o deseja &#8211; em uma solu\u00e7\u00e3o flex\u00edvel, modular e econ\u00f4mica.<\/p>\n<p>O CP950 suporta nossos meios mais perfeitos de instala\u00e7\u00e3o de Dolby 5.1 e 7.1 surround, e inclui um slot de expans\u00e3o para futura possibilidade de atualiza\u00e7\u00e3o para Dolby Atmos\u00ae* para proporcionar a mais memor\u00e1vel e criativa experi\u00eancia sonora precisa para seus usu\u00e1rios.<\/p>\n<p>O CP950 foi projetado tendo em mente as opera\u00e7\u00f5es de nossos parceiros exibidores, de modo que \u00e9 f\u00e1cil de usar, instalar e prestar servi\u00e7os. Um conjunto de recursos totalmente novo inclui um monitor de cabine embutido, uma interface de usu\u00e1rio intuitiva no painel frontal, uma tela colorida sens\u00edvel ao toque e uma interface web para melhor acesso e usabilidade. Outras caracter\u00edsticas otimizadas para os cinemas atuais incluem um crossover interno de alto-falantes, um EQ de alta resolu\u00e7\u00e3o multi-rate, 16 canais de sa\u00edda anal\u00f3gica, \u00e1udio sobre Ethernet suportando ambos os protocolos AES67 ou Blu-Link.<\/p>\n","protected":false},"excerpt":{"rendered":"<p>O Processador de Cinema Dolby CP950 \u00e9 nossa mais nova inova\u00e7\u00e3o na linha de processadores de cinema Dolby, l\u00edder de mercado. \u00c9 projetado com mais das capacidades que voc\u00ea deseja &#8211; e menos das que voc\u00ea n\u00e3o deseja &#8211; em uma solu\u00e7\u00e3o flex\u00edvel, modular e econ\u00f4mica.<\/p>\n<p>O CP950 suporta nossos meios mais perfeitos de instala\u00e7\u00e3o de Dolby 5.1 e 7.1 surround, e inclui um slot de expans\u00e3o para futura possibilidade de atualiza\u00e7\u00e3o para Dolby Atmos\u00ae* para proporcionar a mais memor\u00e1vel e criativa experi\u00eancia sonora precisa para seus usu\u00e1rios<\/p>\n","protected":false},"featured_media":1165,"comment_status":"open","ping_status":"closed","template":"","meta":[],"product_brand":[],"product_cat":[108],"product_tag":[110,192,137],"class_list":{"0":"post-1149","1":"product","2":"type-product","3":"status-publish","4":"has-post-thumbnail","6":"product_cat-processadores-audio","7":"product_tag-cp950","8":"product_tag-dolby-cp950","9":"product_tag-processador-cinema","11":"first","12":"instock","13":"shipping-taxable","14":"product-type-simple"},"_links":{"self":[{"href":"https:\/\/centauro-cinema.com.br\/2018\/wp-json\/wp\/v2\/product\/1149","targetHints":{"allow":["GET"]}}],"collection":[{"href":"https:\/\/centauro-cinema.com.br\/2018\/wp-json\/wp\/v2\/product"}],"about":[{"href":"https:\/\/centauro-cinema.com.br\/2018\/wp-json\/wp\/v2\/types\/product"}],"replies":[{"embeddable":true,"href":"https:\/\/centauro-cinema.com.br\/2018\/wp-json\/wp\/v2\/comments?post=1149"}],"wp:featuredmedia":[{"embeddable":true,"href":"https:\/\/centauro-cinema.com.br\/2018\/wp-json\/wp\/v2\/media\/1165"}],"wp:attachment":[{"href":"https:\/\/centauro-cinema.com.br\/2018\/wp-json\/wp\/v2\/media?parent=1149"}],"wp:term":[{"taxonomy":"product_brand","embeddable":true,"href":"https:\/\/centauro-cinema.com.br\/2018\/wp-json\/wp\/v2\/product_brand?post=1149"},{"taxonomy":"product_cat","embeddable":true,"href":"https:\/\/centauro-cinema.com.br\/2018\/wp-json\/wp\/v2\/product_cat?post=1149"},{"taxonomy":"product_tag","embeddable":true,"href":"https:\/\/centauro-cinema.com.br\/2018\/wp-json\/wp\/v2\/product_tag?post=1149"}],"curies":[{"name":"wp","href":"https:\/\/api.w.org\/{rel}","templated":true}]}}