{"id":1764,"date":"2025-03-02T18:38:30","date_gmt":"2025-03-02T21:38:30","guid":{"rendered":"https:\/\/centauro-cinema.com.br\/2018\/?post_type=product&#038;p=1764"},"modified":"2025-03-02T21:26:34","modified_gmt":"2025-03-03T00:26:34","slug":"projetor-christie-2k-cp2415-xe","status":"publish","type":"product","link":"https:\/\/centauro-cinema.com.br\/2018\/produto\/projetor-christie-2k-cp2415-xe\/","title":{"rendered":"Projetor Christie 2K | CP2415-Xe"},"content":{"rendered":"<p><img fetchpriority=\"high\" decoding=\"async\" class=\"alignnone wp-image-1783\" src=\"https:\/\/centauro-cinema.com.br\/2018\/wp-content\/uploads\/2025\/03\/CP2415-Xe-SPECS-300x205.jpg\" alt=\"\" width=\"1373\" height=\"938\" srcset=\"https:\/\/centauro-cinema.com.br\/2018\/wp-content\/uploads\/2025\/03\/CP2415-Xe-SPECS-300x205.jpg 300w, https:\/\/centauro-cinema.com.br\/2018\/wp-content\/uploads\/2025\/03\/CP2415-Xe-SPECS-768x525.jpg 768w, https:\/\/centauro-cinema.com.br\/2018\/wp-content\/uploads\/2025\/03\/CP2415-Xe-SPECS-960x656.jpg 960w, https:\/\/centauro-cinema.com.br\/2018\/wp-content\/uploads\/2025\/03\/CP2415-Xe-SPECS.jpg 970w\" sizes=\"(max-width: 1373px) 100vw, 1373px\" \/><\/p>\n<p>&nbsp;<\/p>\n<p>Concebidos para serem f\u00e1ceis de utilizar com uma longevidade e confiabilidade estabelecidas, os projetores de cinema Christie\u00ae CineLife+ CP2415-Xe proporcionam brilho a longo prazo e excelente desempenho de imagem com os custos operacionais mais baixos na sua classe de brilho. Com o nosso processamento eletr\u00f4nico ultrarr\u00e1pido CineLife+ e uma interface de usu\u00e1rio intuitivamente f\u00e1cil de usar, o CineLife+ Xe redefine a experi\u00eancia de cinema para o p\u00fablico e os operadores.<\/p>\n","protected":false},"excerpt":{"rendered":"<p><strong>Desempenho acess\u00edvel<\/strong> &#8211; Desfrute da longa dura\u00e7\u00e3o das l\u00e2mpadas Christie Xenolite Ultimate Performance<\/p>\n<p><strong>Hiper-realismo<\/strong> &#8211; Apresenta conte\u00fados sem desfocagem de movimento ou artefatos<\/p>\n<p><strong>Processamento ultrarr\u00e1pido<\/strong> &#8211; Entradas HDMI 2.0 e 4x 12GB SDI para 1.06G pixels\/sec<\/p>\n<p><strong>F\u00e1cil de instalar<\/strong> &#8211; Chassis tudo-em-um leve para uma montagem flex\u00edvel<\/p>\n<p><strong>Flexibilidade no brilho<\/strong> &#8211; Funciona com l\u00e2mpadas padr\u00e3o de 1,4kW, 1,6kW, 1,8kW, 2,0kW e 2,3kW<\/p>\n<p><strong>Compatibilidade com vers\u00f5es anteriores<\/strong> &#8211; Totalmente compat\u00edvel com todos os acess\u00f3rios Solaria Series 2 existentes, incluindo o Pedestal de Montagem em Rack Christie e as lentes de cinema existentes para uma poupan\u00e7a de custos adicional<\/p>\n<p><strong>Christie LiteLOC<\/strong>\u00a0&#8211; Mant\u00e9m o brilho constante e a precis\u00e3o de cor est\u00e1vel durante a vida \u00fatil operacional<\/p>\n<p><strong>Converg\u00eancia eletr\u00f4nica de cores (ECC)<\/strong> &#8211; Proporciona um alinhamento perfeito em toda a imagem<\/p>\n<p><strong>F\u00e1cil de manter<\/strong> &#8211; Substitui\u00e7\u00f5es de filtros sem ferramentas e acesso r\u00e1pido para simples mudan\u00e7as de l\u00e2mpadas no local<\/p>\n<p><strong>Confiabilidade garantida<\/strong> &#8211; Funcionamento com alimenta\u00e7\u00e3o dividida para utiliza\u00e7\u00e3o com uma UPS (fonte de alimenta\u00e7\u00e3o ininterrupta)<\/p>\n<p><strong>ScreenFit<\/strong> &#8211; Corre\u00e7\u00e3o da distor\u00e7\u00e3o e da curvatura do tela para ajustar corretamente a imagem<\/p>\n","protected":false},"featured_media":1770,"comment_status":"closed","ping_status":"closed","template":"","meta":[],"product_brand":[],"product_cat":[43],"product_tag":[139,122,125,121,119,178],"class_list":{"0":"post-1764","1":"product","2":"type-product","3":"status-publish","4":"has-post-thumbnail","6":"product_cat-lampada-xenon","7":"product_tag-cp2415-xe","8":"product_tag-projetor-2k","9":"product_tag-projetor-christie","10":"product_tag-projetor-cinema","11":"product_tag-projetor-dci","12":"product_tag-projetor-xenon","14":"first","15":"onbackorder","16":"shipping-taxable","17":"product-type-simple"},"_links":{"self":[{"href":"https:\/\/centauro-cinema.com.br\/2018\/wp-json\/wp\/v2\/product\/1764","targetHints":{"allow":["GET"]}}],"collection":[{"href":"https:\/\/centauro-cinema.com.br\/2018\/wp-json\/wp\/v2\/product"}],"about":[{"href":"https:\/\/centauro-cinema.com.br\/2018\/wp-json\/wp\/v2\/types\/product"}],"replies":[{"embeddable":true,"href":"https:\/\/centauro-cinema.com.br\/2018\/wp-json\/wp\/v2\/comments?post=1764"}],"wp:featuredmedia":[{"embeddable":true,"href":"https:\/\/centauro-cinema.com.br\/2018\/wp-json\/wp\/v2\/media\/1770"}],"wp:attachment":[{"href":"https:\/\/centauro-cinema.com.br\/2018\/wp-json\/wp\/v2\/media?parent=1764"}],"wp:term":[{"taxonomy":"product_brand","embeddable":true,"href":"https:\/\/centauro-cinema.com.br\/2018\/wp-json\/wp\/v2\/product_brand?post=1764"},{"taxonomy":"product_cat","embeddable":true,"href":"https:\/\/centauro-cinema.com.br\/2018\/wp-json\/wp\/v2\/product_cat?post=1764"},{"taxonomy":"product_tag","embeddable":true,"href":"https:\/\/centauro-cinema.com.br\/2018\/wp-json\/wp\/v2\/product_tag?post=1764"}],"curies":[{"name":"wp","href":"https:\/\/api.w.org\/{rel}","templated":true}]}}