{"id":1864,"date":"2025-03-03T15:30:45","date_gmt":"2025-03-03T18:30:45","guid":{"rendered":"https:\/\/centauro-cinema.com.br\/2018\/?post_type=product&#038;p=1864"},"modified":"2025-03-03T15:45:06","modified_gmt":"2025-03-03T18:45:06","slug":"projetor-christie-4k-cp4455-rgb","status":"publish","type":"product","link":"https:\/\/centauro-cinema.com.br\/2018\/produto\/projetor-christie-4k-cp4455-rgb\/","title":{"rendered":"Projetor Christie 4K | CP4455-RGB"},"content":{"rendered":"<p><img fetchpriority=\"high\" decoding=\"async\" class=\"alignnone wp-image-1865\" src=\"https:\/\/centauro-cinema.com.br\/2018\/wp-content\/uploads\/2025\/03\/CP4455-RGB-SPECS-300x298.jpg\" alt=\"\" width=\"1380\" height=\"1371\" srcset=\"https:\/\/centauro-cinema.com.br\/2018\/wp-content\/uploads\/2025\/03\/CP4455-RGB-SPECS-300x298.jpg 300w, https:\/\/centauro-cinema.com.br\/2018\/wp-content\/uploads\/2025\/03\/CP4455-RGB-SPECS-150x150.jpg 150w, https:\/\/centauro-cinema.com.br\/2018\/wp-content\/uploads\/2025\/03\/CP4455-RGB-SPECS-768x763.jpg 768w, https:\/\/centauro-cinema.com.br\/2018\/wp-content\/uploads\/2025\/03\/CP4455-RGB-SPECS-100x100.jpg 100w, https:\/\/centauro-cinema.com.br\/2018\/wp-content\/uploads\/2025\/03\/CP4455-RGB-SPECS.jpg 892w\" sizes=\"(max-width: 1380px) 100vw, 1380px\" \/><\/p>\n<p>O CP4455-RGB \u00e9 8% mais eficiente do que os seus concorrentes, produzindo 12,4 l\u00famens por watt.<\/p>\n<table id=\"efficiency-graphs\" class=\"two-col-table\">\n<tbody>\n<tr>\n<td><img decoding=\"async\" src=\"https:\/\/www.christiedigital.com\/globalassets\/.catalog\/products\/cinema\/efficiency-graphs\/efficiency_4455.png\" alt=\"Efficiency shown as percentage: 10% more efficient than leading competing model in its class\" width=\"800\" height=\"250\" \/><\/td>\n<td><img decoding=\"async\" src=\"https:\/\/www.christiedigital.com\/globalassets\/.catalog\/products\/cinema\/efficiency-graphs\/coo_4455.png\" alt=\"Cost shown as percentage: 11% lower cost of operation on average than leading competing model in its class\" width=\"800\" height=\"250\" \/><\/td>\n<\/tr>\n<\/tbody>\n<\/table>\n","protected":false},"excerpt":{"rendered":"<p><strong>Hiper-realismo<\/strong> &#8211; A nossa nova arquitetura de sistema apresenta conte\u00fados sem desfocagem de movimento e artefatos<\/p>\n<p><strong>Processamento ultrarr\u00e1pido<\/strong> &#8211; Com HDMI 2.0 e 4 entradas SDI de 12 GB para 1,06 G pixels por segundo<\/p>\n<p><strong>Manuten\u00e7\u00e3o reduzida<\/strong> &#8211; As substitui\u00e7\u00f5es de filtros sem ferramentas, os filtros de ar lav\u00e1veis e as \u00f3pticas totalmente seladas protegem contra a entrada de p\u00f3<\/p>\n<p><strong>Diversidade de comprimento de onda melhorada (EWD) incorporada<\/strong> &#8211; Os lasers de cor prim\u00e1ria com v\u00e1rios comprimentos de onda melhoram o desempenho da imagem em telas de elevado ganho<\/p>\n<p><strong>Fonte de luz de longa dura\u00e7\u00e3o<\/strong> &#8211; Mais de 50.000 horas de brilho DCI est\u00e1vel com 8-10 anos de funcionamento com pouca manuten\u00e7\u00e3o<\/p>\n<p><strong>Converg\u00eancia eletr\u00f4nica de cores (ECC)<\/strong> &#8211; Proporciona uma corre\u00e7\u00e3o de erros de cor lateral perfeita em toda a imagem da tela<\/p>\n<p><strong>Experi\u00eancia cinematogr\u00e1fica melhorada<\/strong> &#8211; Uma gama de cores alargada aproxima-se de &gt;95% da Rec. 2020, maior luminosidade e at\u00e9 6.000:1 de contraste (com uma lente UHC)<\/p>\n<p><strong>ScreenFit<\/strong> &#8211; Corre\u00e7\u00e3o da distor\u00e7\u00e3o e da curvatura da tela<\/p>\n<p><strong>A melhor efici\u00eancia operacional da sua classe<\/strong> &#8211; Atinge 12,4 l\u00famens por watt<\/p>\n","protected":false},"featured_media":1856,"comment_status":"closed","ping_status":"closed","template":"","meta":[],"product_brand":[],"product_cat":[45],"product_tag":[184,120,125,121,119,91],"class_list":{"0":"post-1864","1":"product","2":"type-product","3":"status-publish","4":"has-post-thumbnail","6":"product_cat-laser-rgb","7":"product_tag-cp4455-rgb","8":"product_tag-projetor-4k","9":"product_tag-projetor-christie","10":"product_tag-projetor-cinema","11":"product_tag-projetor-dci","12":"product_tag-projetor-laser-rgb","14":"first","15":"onbackorder","16":"shipping-taxable","17":"product-type-simple"},"_links":{"self":[{"href":"https:\/\/centauro-cinema.com.br\/2018\/wp-json\/wp\/v2\/product\/1864","targetHints":{"allow":["GET"]}}],"collection":[{"href":"https:\/\/centauro-cinema.com.br\/2018\/wp-json\/wp\/v2\/product"}],"about":[{"href":"https:\/\/centauro-cinema.com.br\/2018\/wp-json\/wp\/v2\/types\/product"}],"replies":[{"embeddable":true,"href":"https:\/\/centauro-cinema.com.br\/2018\/wp-json\/wp\/v2\/comments?post=1864"}],"wp:featuredmedia":[{"embeddable":true,"href":"https:\/\/centauro-cinema.com.br\/2018\/wp-json\/wp\/v2\/media\/1856"}],"wp:attachment":[{"href":"https:\/\/centauro-cinema.com.br\/2018\/wp-json\/wp\/v2\/media?parent=1864"}],"wp:term":[{"taxonomy":"product_brand","embeddable":true,"href":"https:\/\/centauro-cinema.com.br\/2018\/wp-json\/wp\/v2\/product_brand?post=1864"},{"taxonomy":"product_cat","embeddable":true,"href":"https:\/\/centauro-cinema.com.br\/2018\/wp-json\/wp\/v2\/product_cat?post=1864"},{"taxonomy":"product_tag","embeddable":true,"href":"https:\/\/centauro-cinema.com.br\/2018\/wp-json\/wp\/v2\/product_tag?post=1864"}],"curies":[{"name":"wp","href":"https:\/\/api.w.org\/{rel}","templated":true}]}}