{"id":1889,"date":"2025-03-03T17:53:36","date_gmt":"2025-03-03T20:53:36","guid":{"rendered":"https:\/\/centauro-cinema.com.br\/2018\/?post_type=product&#038;p=1889"},"modified":"2025-07-20T14:32:46","modified_gmt":"2025-07-20T17:32:46","slug":"christie-nas-s4","status":"publish","type":"product","link":"https:\/\/centauro-cinema.com.br\/2018\/produto\/christie-nas-s4\/","title":{"rendered":"Christie NAS-S4"},"content":{"rendered":"<p>O NAS-S4 da Christie fornece uma solu\u00e7\u00e3o de armazenamento dedicado de n\u00edvel empresarial em um gabinete fino (1RU) mont\u00e1vel em rack. \u00c9 compat\u00edvel com o IMB-S3 e IMB-S4.<\/p>\n<ul>\n<li>O NAS-S4 \u00e9 plug-and-play com os IMBs da Christie<\/li>\n<li><span style=\"font-size: 14.4px\">N\u00e3o \u00e9 necessita de nenhuma configura\u00e7\u00e3o especial para a integra\u00e7\u00e3o<\/span><\/li>\n<li>Vem com <strong>4 unidades de 4TB para 11TB<\/strong> de armazenamento utiliz\u00e1vel<\/li>\n<\/ul>\n","protected":false},"excerpt":{"rendered":"<ul>\n<li>O NAS-S4 \u00e9 plug-and-play com os IMBs da Christie<\/li>\n<li><span style=\"font-size: 14.4px\">N\u00e3o \u00e9 necessita de nenhuma configura\u00e7\u00e3o especial para a integra\u00e7\u00e3o<\/span><\/li>\n<li>Vem com <strong>4 unidades de 4TB para 11TB<\/strong> de armazenamento utiliz\u00e1vel<\/li>\n<\/ul>\n","protected":false},"featured_media":1895,"comment_status":"open","ping_status":"closed","template":"","meta":[],"product_brand":[],"product_cat":[100,52],"product_tag":[185,187,169],"class_list":{"0":"post-1889","1":"product","2":"type-product","3":"status-publish","4":"has-post-thumbnail","6":"product_cat-servidores","7":"product_cat-christie-servidores","8":"product_tag-christie-server","9":"product_tag-nas-s4","10":"product_tag-servidor-cinema","12":"first","13":"onbackorder","14":"shipping-taxable","15":"product-type-simple"},"_links":{"self":[{"href":"https:\/\/centauro-cinema.com.br\/2018\/wp-json\/wp\/v2\/product\/1889","targetHints":{"allow":["GET"]}}],"collection":[{"href":"https:\/\/centauro-cinema.com.br\/2018\/wp-json\/wp\/v2\/product"}],"about":[{"href":"https:\/\/centauro-cinema.com.br\/2018\/wp-json\/wp\/v2\/types\/product"}],"replies":[{"embeddable":true,"href":"https:\/\/centauro-cinema.com.br\/2018\/wp-json\/wp\/v2\/comments?post=1889"}],"wp:featuredmedia":[{"embeddable":true,"href":"https:\/\/centauro-cinema.com.br\/2018\/wp-json\/wp\/v2\/media\/1895"}],"wp:attachment":[{"href":"https:\/\/centauro-cinema.com.br\/2018\/wp-json\/wp\/v2\/media?parent=1889"}],"wp:term":[{"taxonomy":"product_brand","embeddable":true,"href":"https:\/\/centauro-cinema.com.br\/2018\/wp-json\/wp\/v2\/product_brand?post=1889"},{"taxonomy":"product_cat","embeddable":true,"href":"https:\/\/centauro-cinema.com.br\/2018\/wp-json\/wp\/v2\/product_cat?post=1889"},{"taxonomy":"product_tag","embeddable":true,"href":"https:\/\/centauro-cinema.com.br\/2018\/wp-json\/wp\/v2\/product_tag?post=1889"}],"curies":[{"name":"wp","href":"https:\/\/api.w.org\/{rel}","templated":true}]}}