{"id":447,"date":"2019-01-14T10:57:38","date_gmt":"2019-01-14T12:57:38","guid":{"rendered":"http:\/\/centauro-cinema.com.br\/2018\/?post_type=product&#038;p=447"},"modified":"2025-07-20T14:33:02","modified_gmt":"2025-07-20T17:33:02","slug":"projetor-dp4k-60l","status":"publish","type":"product","link":"https:\/\/centauro-cinema.com.br\/2018\/produto\/projetor-dp4k-60l\/","title":{"rendered":"Projetor DP4K-60L | Barco"},"content":{"rendered":"<p>O projetor de cinema a laser \u00faltima gera\u00e7\u00e3o, DP4K-60L da Barco proporciona n\u00edveis extremos de brilho e qualidade de imagem de ponta \u00e0s telas grandes. De forma que voc\u00ea possa proporcionar ao p\u00fablico uma experi\u00eancia impressionante s\u00f3 dispon\u00edvel em cinemas. O projetor combina a qualidade de imagem excepcional com opera\u00e7\u00f5es simplificadas e redu\u00e7\u00e3o de custos de opera\u00e7\u00e3o.<\/p>\n<h3><strong>Especifica\u00e7\u00f5es<\/strong><\/h3>\n<div id=\"prod-specs-content\">\n<div id=\"specs-async-content\">\n<table class=\"table table-striped table-hover product-specs-table\">\n<tbody>\n<tr>\n<th>Brilho<\/th>\n<td>At\u00e9 56.000 l\u00famens<\/td>\n<\/tr>\n<tr>\n<th>Raz\u00e3o de contraste nativa<\/th>\n<td>2.800:1 (t\u00edpico)\/500:1 contraste ANSI (t\u00edpico)<\/td>\n<\/tr>\n<tr>\n<th>Lentes de alto n\u00edvel<\/th>\n<td>1,13 a 1,65; 1,35 a 1,86; 1,46 a 2,10; 1,65 a 2,60; 2,00 a 3,35<\/td>\n<\/tr>\n<tr>\n<th>Resolu\u00e7\u00e3o<\/th>\n<td>4.096 x 2.160<\/td>\n<\/tr>\n<tr>\n<th>Estabilidade de brilho em longo prazo<\/th>\n<td>Menos de 20% de redu\u00e7\u00e3o durante um per\u00edodo de execu\u00e7\u00e3o de 30.000 horas<\/td>\n<\/tr>\n<tr>\n<th>Dimens\u00f5es (LxPxA)<\/th>\n<td>Projetor: 744 x 1.445 x 706 mm\/29,3 x 56,9 x 27,8 polegadas (com apoio, sem lente)<br \/>\nDois chillers, cada um com as seguintes dimens\u00f5es: 701 x 701 x 800 mm\/27,6 x 27,6 x 31,5 polegadas<\/td>\n<\/tr>\n<tr>\n<th>Peso<\/th>\n<td>Projetor: 235 kg (~520 lb)<br \/>\nChillers: ~115 kg (~250 lb) por chiller (dois chillers s\u00e3o necess\u00e1rios)<\/td>\n<\/tr>\n<tr>\n<th>Comprimento da mangueira do l\u00edquido de arrefecimento<\/th>\n<td>2,5-5-10 m (8,2-16,4-32,8 p\u00e9s)<\/td>\n<\/tr>\n<tr>\n<th>Requisitos de energia<\/th>\n<td>Projetor:<br \/>\n200 a 240\/346 a 415 V, 50 a 60 Hz, 16 A, 3W+N+PE (conex\u00e3o em Y)\/Intervalo de tamanho do cabo de for\u00e7a: 4 mm\u00b2 a 6 mm\u00b2, 10 AWG a 8 AWG\/Intervalo do disjuntor: 25 A a 40 A<br \/>\n200 a 240 V, 3W+PE, 28 A, 50 a 60 Hz (<u>\/\\<\/u>&#8211; conex\u00e3o) \/ Tamanho do cabo de for\u00e7a: 6 mm\u00b2, 8 AWG \/ Disjuntor: 40 A<br \/>\nChillers:<br \/>\n230\/400 V 3W+N+PE 16 A 2,5 mm\u00b2 (conex\u00e3o em Y) ou 208 V \/ 3W+PE(<u>\/\\<\/u>&#8211; conex\u00e3o) \/ M\u00e1x. 16 A por fase<\/td>\n<\/tr>\n<tr>\n<th>Temperatura Ambiente<\/th>\n<td>30 \u00b0C (86 \u00b0F) M\u00e1x. (projetor e chillers)<\/td>\n<\/tr>\n<tr>\n<th>Umidade ambiente<\/th>\n<td>75% M\u00e1x. (projetor e chillers)<\/td>\n<\/tr>\n<tr>\n<th>Consumo de energia<\/th>\n<td>Projetor com pot\u00eancia total de laser: 6,7 kW (2D ou polariza\u00e7\u00e3o 3D)\/3,6 kW (Barco Laser3D &#8211; 6P)<br \/>\nChillers com pot\u00eancia total do laser: 3,0 kW (2D ou polariza\u00e7\u00e3o 3D)\/2,5 kW (Barco Laser3D &#8211; 6P)<br \/>\nProjetor com meia pot\u00eancia de laser: 3,6 kW (2D ou polariza\u00e7\u00e3o 3D)\/2,2 kW (Barco Laser3D &#8211; 6P)<br \/>\nChillers com meia pot\u00eancia do laser: 2,5 kW (2D ou polariza\u00e7\u00e3o 3D)\/2,0 kW (Barco Laser3D &#8211; 6P)<\/td>\n<\/tr>\n<tr>\n<th>Servidor de m\u00eddia<\/th>\n<td>Barco Alchemy ICMP incluso no projetor:<\/p>\n<ul>\n<li>Reprodu\u00e7\u00e3o JPEG2000 2K e 4K DCI<\/li>\n<li>3D com altas taxas de quadros at\u00e9 120 fps (60 fps por olho)<\/li>\n<li>2x HDMI2.0a (at\u00e9 4K 2D 60 fps)<\/li>\n<li>2x Entradas 3G-SDI<\/li>\n<li>16x Canais de \u00e1udio AES\/EBU (2x RJ45)<\/li>\n<\/ul>\n<\/td>\n<\/tr>\n<tr>\n<th>Sistemas 3D<\/th>\n<td>Color3D (Barco Laser3D): Sistema nativo 3D com 6 cores prim\u00e1rias. Somente requer \u00f3culos com filtro crom\u00e1tico (\u00f3culos Dolby3D n\u00e3o podem ser reutilizados).<br \/>\nSistemas de \u00f3culos ativos<br \/>\nSistemas de recupera\u00e7\u00e3o de polariza\u00e7\u00e3o<\/td>\n<\/tr>\n<tr>\n<th>DCI<\/th>\n<td>Projetor + Barco Alchemy ICMP certifica\u00e7\u00e3o DCI CTP 1.2<\/td>\n<\/tr>\n<tr>\n<th>Classe de seguran\u00e7a<\/th>\n<td>Classe 1, RG3<\/td>\n<\/tr>\n<tr>\n<th>Certifica\u00e7\u00f5es<\/th>\n<td>CE; ETL\/UL\/FCC<\/td>\n<\/tr>\n<\/tbody>\n<\/table>\n<\/div>\n<\/div>\n","protected":false},"excerpt":{"rendered":"<h3 data-coveo=\"important\"><strong>Projetor de cinema a laser 6P RGB alto brilho para telas grandes premium<\/strong><\/h3>\n<ul>\n<li><span style=\"color: #00aae7\">Qualidade de imagem excepcional<\/span><\/li>\n<li><span style=\"color: #00aae7\">Brilho espetacular<\/span><\/li>\n<li><span style=\"color: #00aae7\">Opera\u00e7\u00f5es simplificadas<\/span><\/li>\n<li><span style=\"color: #00aae7\">Custos de opera\u00e7\u00e3o reduzidos<\/span><\/li>\n<\/ul>\n","protected":false},"featured_media":951,"comment_status":"closed","ping_status":"closed","template":"","meta":[],"product_brand":[],"product_cat":[45],"product_tag":[120,123,121,119,91],"class_list":{"0":"post-447","1":"product","2":"type-product","3":"status-publish","4":"has-post-thumbnail","6":"product_cat-laser-rgb","7":"product_tag-projetor-4k","8":"product_tag-projetor-barco","9":"product_tag-projetor-cinema","10":"product_tag-projetor-dci","11":"product_tag-projetor-laser-rgb","13":"first","14":"outofstock","15":"shipping-taxable","16":"product-type-simple"},"_links":{"self":[{"href":"https:\/\/centauro-cinema.com.br\/2018\/wp-json\/wp\/v2\/product\/447","targetHints":{"allow":["GET"]}}],"collection":[{"href":"https:\/\/centauro-cinema.com.br\/2018\/wp-json\/wp\/v2\/product"}],"about":[{"href":"https:\/\/centauro-cinema.com.br\/2018\/wp-json\/wp\/v2\/types\/product"}],"replies":[{"embeddable":true,"href":"https:\/\/centauro-cinema.com.br\/2018\/wp-json\/wp\/v2\/comments?post=447"}],"wp:featuredmedia":[{"embeddable":true,"href":"https:\/\/centauro-cinema.com.br\/2018\/wp-json\/wp\/v2\/media\/951"}],"wp:attachment":[{"href":"https:\/\/centauro-cinema.com.br\/2018\/wp-json\/wp\/v2\/media?parent=447"}],"wp:term":[{"taxonomy":"product_brand","embeddable":true,"href":"https:\/\/centauro-cinema.com.br\/2018\/wp-json\/wp\/v2\/product_brand?post=447"},{"taxonomy":"product_cat","embeddable":true,"href":"https:\/\/centauro-cinema.com.br\/2018\/wp-json\/wp\/v2\/product_cat?post=447"},{"taxonomy":"product_tag","embeddable":true,"href":"https:\/\/centauro-cinema.com.br\/2018\/wp-json\/wp\/v2\/product_tag?post=447"}],"curies":[{"name":"wp","href":"https:\/\/api.w.org\/{rel}","templated":true}]}}