{"id":511,"date":"2019-01-14T14:29:09","date_gmt":"2019-01-14T16:29:09","guid":{"rendered":"http:\/\/centauro-cinema.com.br\/2018\/?post_type=product&#038;p=511"},"modified":"2025-03-02T19:30:26","modified_gmt":"2025-03-02T22:30:26","slug":"sr-110d","status":"publish","type":"product","link":"https:\/\/centauro-cinema.com.br\/2018\/produto\/sr-110d\/","title":{"rendered":"CENTAURO SR 110D"},"content":{"rendered":"<p>Caixa ac\u00fastica de surround de duas vias, com divisor de frequ\u00eancia passivo incluso. Indicada para sonoriza\u00e7\u00e3o de salas de todos os tamanhos e projetadas para atender aos sistemas de som anal\u00f3gicos e digitais por suportarem maiores pot\u00eancias.<\/p>\n<p>Seu suporte bipartido foi desenvolvido para facilitar a instala\u00e7\u00e3o nos cinemas de forma integrada ao tratamento ac\u00fastico das salas, garantindo assim a perfeita integra\u00e7\u00e3o com o projeto<\/p>\n<p>&nbsp;<\/p>\n<p><img decoding=\"async\" class=\"alignnone wp-image-1306 size-thumbnail\" src=\"https:\/\/centauro-cinema.com.br\/2018\/wp-content\/uploads\/2019\/01\/Caixas-Aprovadas-Dolby-Atmos-v2-150x150.jpg\" alt=\"Dolby Atmos\" width=\"150\" height=\"150\" srcset=\"https:\/\/centauro-cinema.com.br\/2018\/wp-content\/uploads\/2019\/01\/Caixas-Aprovadas-Dolby-Atmos-v2-150x150.jpg 150w, https:\/\/centauro-cinema.com.br\/2018\/wp-content\/uploads\/2019\/01\/Caixas-Aprovadas-Dolby-Atmos-v2-300x300.jpg 300w, https:\/\/centauro-cinema.com.br\/2018\/wp-content\/uploads\/2019\/01\/Caixas-Aprovadas-Dolby-Atmos-v2-100x100.jpg 100w, https:\/\/centauro-cinema.com.br\/2018\/wp-content\/uploads\/2019\/01\/Caixas-Aprovadas-Dolby-Atmos-v2.jpg 650w\" sizes=\"(max-width: 150px) 100vw, 150px\" \/><\/p>\n","protected":false},"excerpt":{"rendered":"<p>Caixa ac\u00fastica de surround de duas vias, com divisor de frequ\u00eancia inclu\u00eddo, \u00e2ngulo de cobertura de 90\u00bah x 40\u00bav \u00e9 indicada para sonoriza\u00e7\u00e3o e salas de todos os tamanhos. Ela foi desenvolvida para atender aos exibidores mais exigentes e projetada para sistemas de som digitais que necessitam de uma caixa que suporte pot\u00eancias maiores que os sistemas anal\u00f3gicos. O seu suporte bi-partido foi desenvolvido para facilitar a instala\u00e7\u00e3o nos cinemas. uma vez que eles s\u00e3o fixos \u00e1 parede ainda na fase de tratamento ac\u00fastico das salas.<\/p>\n","protected":false},"featured_media":1174,"comment_status":"open","ping_status":"closed","template":"","meta":[],"product_brand":[],"product_cat":[58],"product_tag":[158,92,157],"class_list":{"0":"post-511","1":"product","2":"type-product","3":"status-publish","4":"has-post-thumbnail","6":"product_cat-caixas-surround","7":"product_tag-caixa-surround","8":"product_tag-caixas-cinema","9":"product_tag-sr-110d","11":"first","12":"instock","13":"shipping-taxable","14":"product-type-simple"},"_links":{"self":[{"href":"https:\/\/centauro-cinema.com.br\/2018\/wp-json\/wp\/v2\/product\/511","targetHints":{"allow":["GET"]}}],"collection":[{"href":"https:\/\/centauro-cinema.com.br\/2018\/wp-json\/wp\/v2\/product"}],"about":[{"href":"https:\/\/centauro-cinema.com.br\/2018\/wp-json\/wp\/v2\/types\/product"}],"replies":[{"embeddable":true,"href":"https:\/\/centauro-cinema.com.br\/2018\/wp-json\/wp\/v2\/comments?post=511"}],"wp:featuredmedia":[{"embeddable":true,"href":"https:\/\/centauro-cinema.com.br\/2018\/wp-json\/wp\/v2\/media\/1174"}],"wp:attachment":[{"href":"https:\/\/centauro-cinema.com.br\/2018\/wp-json\/wp\/v2\/media?parent=511"}],"wp:term":[{"taxonomy":"product_brand","embeddable":true,"href":"https:\/\/centauro-cinema.com.br\/2018\/wp-json\/wp\/v2\/product_brand?post=511"},{"taxonomy":"product_cat","embeddable":true,"href":"https:\/\/centauro-cinema.com.br\/2018\/wp-json\/wp\/v2\/product_cat?post=511"},{"taxonomy":"product_tag","embeddable":true,"href":"https:\/\/centauro-cinema.com.br\/2018\/wp-json\/wp\/v2\/product_tag?post=511"}],"curies":[{"name":"wp","href":"https:\/\/api.w.org\/{rel}","templated":true}]}}